{"id":461,"date":"2025-04-15T07:56:21","date_gmt":"2025-04-15T06:56:21","guid":{"rendered":"https:\/\/dsoe.dk\/?page_id=461"},"modified":"2025-04-17T10:24:43","modified_gmt":"2025-04-17T08:24:43","slug":"kom-godt-igang","status":"publish","type":"page","link":"https:\/\/dsoe.dk\/?page_id=461","title":{"rendered":"Kom godt igang."},"content":{"rendered":"\t\t<div data-elementor-type=\"wp-page\" data-elementor-id=\"461\" class=\"elementor elementor-461\" data-elementor-post-type=\"page\">\n\t\t\t\t<div class=\"elementor-element elementor-element-7cc0f95 e-flex e-con-boxed e-con e-parent\" data-id=\"7cc0f95\" data-element_type=\"container\">\n\t\t\t\t\t<div class=\"e-con-inner\">\n\t\t\t\t<div class=\"elementor-element elementor-element-a35b898 elementor-widget elementor-widget-heading\" data-id=\"a35b898\" data-element_type=\"widget\" data-widget_type=\"heading.default\">\n\t\t\t\t<div class=\"elementor-widget-container\">\n\t\t\t\t\t<h2 class=\"elementor-heading-title elementor-size-default\">Kom godt igang med IPSC<\/h2>\t\t\t\t<\/div>\n\t\t\t\t<\/div>\n\t\t\t\t\t<\/div>\n\t\t\t\t<\/div>\n\t\t<div class=\"elementor-element elementor-element-377e4c3 e-flex e-con-boxed e-con e-parent\" data-id=\"377e4c3\" data-element_type=\"container\">\n\t\t\t\t\t<div class=\"e-con-inner\">\n\t\t\t\t<div class=\"elementor-element elementor-element-c36bf31 elementor-widget elementor-widget-text-editor\" data-id=\"c36bf31\" data-element_type=\"widget\" data-widget_type=\"text-editor.default\">\n\t\t\t\t<div class=\"elementor-widget-container\">\n\t\t\t\t\t\t\t\t\t<p>Vil du gerne i gang med IPSC-skydning, men er i tvivl om, hvordan du starter? Hos DS\u00d8 tager vi godt imod dig, der er klar til at pr\u00f8ve kr\u00e6fter med dynamisk sportsskydning.<\/p>\n<h3>1. Tag kontakt til os<\/h3>\n<p>Start med at kontakte&nbsp;<strong>DS\u00d8 \u2013 Dynamiske Sportsskytter i \u00d8stjylland<\/strong>. Du er meget velkommen til at komme forbi til en tr\u00e6ning p\u00e5 Urlev Skydebane, hvor vi gerne introducerer dig til klubben, tr\u00e6ningsformen og IPSC som sport.<\/p>\n<h3>2. Er du ny skytte? Start med teori og udstyr<\/h3>\n<p>Hvis du endnu ikke har A-licens, hj\u00e6lper vi dig med at forst\u00e5 teorien bag IPSC og guider dig i valg af det rigtige udstyr. Vi har mange erfarne medlemmer, som gerne deler ud af deres viden og erfaring.<\/p>\n<blockquote>\n<p><strong>Bem\u00e6rk:<\/strong>&nbsp;DS\u00d8 har i \u00f8jeblikket ikke tr\u00e6ningsfaciliteter eller instrukt\u00f8rer til&nbsp;<strong>IPSC Air<\/strong>, men vi kigger p\u00e5 mulighederne for det i fremtiden.<\/p>\n<\/blockquote>\n<h3>3. Tag IPSC A-licens (hvis du vil skyde med skarp ammunition)<\/h3>\n<p>For at tr\u00e6ne IPSC med skarpt, skal du have en&nbsp;<strong>A-licens<\/strong>, som du f\u00e5r gennem et godkendt sikkerhedskursus. DS\u00d8 kan hj\u00e6lpe dig med kontakt til relevante kurser og med forberedelsen.<\/p>\n<blockquote>\n<p>For at f\u00e5 en v\u00e5bentilladelse skal du have v\u00e6ret aktivt medlem af en DGI-skytteforening i minimum 2 \u00e5r. Alternativt kan du begynde i en anden forening og senere skifte til DS\u00d8, n\u00e5r du har opfyldt kravet.<\/p>\n<\/blockquote>\n<h3>4. F\u00e5 styr p\u00e5 dit udstyr<\/h3>\n<p>Du beh\u00f8ver ikke k\u00f8be alt fra start. Mange starter simpelt og opgraderer hen ad vejen. Du skal bruge:<\/p>\n<ul data-spread=\"false\">\n<li>\n<p>En IPSC-egnet pistol (brugte modeller er ogs\u00e5 fine)<\/p>\n<\/li>\n<li>\n<p>3-5 magasiner<\/p>\n<\/li>\n<li>\n<p>Hylster og magasinholdere<\/p>\n<\/li>\n<li>\n<p>Skytteb\u00e6lte<\/p>\n<\/li>\n<li>\n<p>H\u00f8rev\u00e6rn og beskyttelsesbriller<\/p>\n<\/li>\n<\/ul>\n<p>Vi hj\u00e6lper dig gerne med vejledning og gode tips til anskaffelse af grej.<\/p>\n<h3>5. Tr\u00e6n med os i dit eget tempo<\/h3>\n<p>Vi tr\u00e6ner cirka \u00e9n gang om m\u00e5neden p\u00e5 Urlev Skydebane. Der er altid en certificeret RO til stede, og tr\u00e6ningerne er tilpasset skytternes niveau.<\/p>\n<p>Vil du vide mere s\u00e5 kontakt Formand Per Laursen p\u00e5 telefon +45 30 42 59 09<\/p>\t\t\t\t\t\t\t\t<\/div>\n\t\t\t\t<\/div>\n\t\t\t\t\t<\/div>\n\t\t\t\t<\/div>\n\t\t\t\t<\/div>\n\t\t","protected":false},"excerpt":{"rendered":"<p>Kom godt igang med IPSC Vil du gerne i gang med IPSC-skydning, men er i tvivl om, hvordan du starter? Hos DS\u00d8 tager vi godt imod dig, der er klar til at pr\u00f8ve kr\u00e6fter med dynamisk sportsskydning. 1. Tag kontakt til os Start med at kontakte&nbsp;DS\u00d8 \u2013 Dynamiske Sportsskytter i \u00d8stjylland. Du er meget velkommen [&hellip;]<\/p>\n","protected":false},"author":3,"featured_media":0,"parent":0,"menu_order":0,"comment_status":"closed","ping_status":"closed","template":"elementor_header_footer","meta":{"footnotes":""},"class_list":["post-461","page","type-page","status-publish","hentry"],"yoast_head":"<!-- This site is optimized with the Yoast SEO plugin v26.1.1 - https:\/\/yoast.com\/wordpress\/plugins\/seo\/ -->\n<title>Kom godt igang. - Dynamiske Sportsskytter i \u00d8stjylland<\/title>\n<meta name=\"robots\" content=\"index, follow, max-snippet:-1, max-image-preview:large, max-video-preview:-1\" \/>\n<link rel=\"canonical\" href=\"https:\/\/dsoe.dk\/?page_id=461\" \/>\n<meta property=\"og:locale\" content=\"en_US\" \/>\n<meta property=\"og:type\" content=\"article\" \/>\n<meta property=\"og:title\" content=\"Kom godt igang. - Dynamiske Sportsskytter i \u00d8stjylland\" \/>\n<meta property=\"og:description\" content=\"Kom godt igang med IPSC Vil du gerne i gang med IPSC-skydning, men er i tvivl om, hvordan du starter? Hos DS\u00d8 tager vi godt imod dig, der er klar til at pr\u00f8ve kr\u00e6fter med dynamisk sportsskydning. 1. Tag kontakt til os Start med at kontakte&nbsp;DS\u00d8 \u2013 Dynamiske Sportsskytter i \u00d8stjylland. Du er meget velkommen [&hellip;]\" \/>\n<meta property=\"og:url\" content=\"https:\/\/dsoe.dk\/?page_id=461\" \/>\n<meta property=\"og:site_name\" content=\"Dynamiske Sportsskytter i \u00d8stjylland\" \/>\n<meta property=\"article:publisher\" content=\"https:\/\/www.facebook.com\/dsoedk\/\" \/>\n<meta property=\"article:modified_time\" content=\"2025-04-17T08:24:43+00:00\" \/>\n<meta name=\"twitter:card\" content=\"summary_large_image\" \/>\n<meta name=\"twitter:label1\" content=\"Est. reading time\" \/>\n\t<meta name=\"twitter:data1\" content=\"2 minutes\" \/>\n<script type=\"application\/ld+json\" class=\"yoast-schema-graph\">{\"@context\":\"https:\/\/schema.org\",\"@graph\":[{\"@type\":\"WebPage\",\"@id\":\"https:\/\/dsoe.dk\/?page_id=461\",\"url\":\"https:\/\/dsoe.dk\/?page_id=461\",\"name\":\"Kom godt igang. - Dynamiske Sportsskytter i \u00d8stjylland\",\"isPartOf\":{\"@id\":\"https:\/\/dsoe.dk\/#website\"},\"datePublished\":\"2025-04-15T06:56:21+00:00\",\"dateModified\":\"2025-04-17T08:24:43+00:00\",\"breadcrumb\":{\"@id\":\"https:\/\/dsoe.dk\/?page_id=461#breadcrumb\"},\"inLanguage\":\"en-US\",\"potentialAction\":[{\"@type\":\"ReadAction\",\"target\":[\"https:\/\/dsoe.dk\/?page_id=461\"]}]},{\"@type\":\"BreadcrumbList\",\"@id\":\"https:\/\/dsoe.dk\/?page_id=461#breadcrumb\",\"itemListElement\":[{\"@type\":\"ListItem\",\"position\":1,\"name\":\"Home\",\"item\":\"https:\/\/dsoe.dk\/\"},{\"@type\":\"ListItem\",\"position\":2,\"name\":\"Kom godt igang.\"}]},{\"@type\":\"WebSite\",\"@id\":\"https:\/\/dsoe.dk\/#website\",\"url\":\"https:\/\/dsoe.dk\/\",\"name\":\"Dynamiske Sportsskytter i \u00d8stjylland\",\"description\":\"IPSC skydning for alle\",\"publisher\":{\"@id\":\"https:\/\/dsoe.dk\/#organization\"},\"potentialAction\":[{\"@type\":\"SearchAction\",\"target\":{\"@type\":\"EntryPoint\",\"urlTemplate\":\"https:\/\/dsoe.dk\/?s={search_term_string}\"},\"query-input\":{\"@type\":\"PropertyValueSpecification\",\"valueRequired\":true,\"valueName\":\"search_term_string\"}}],\"inLanguage\":\"en-US\"},{\"@type\":\"Organization\",\"@id\":\"https:\/\/dsoe.dk\/#organization\",\"name\":\"Dynamiske Sportsskytter i \u00d8stjylland\",\"url\":\"https:\/\/dsoe.dk\/\",\"logo\":{\"@type\":\"ImageObject\",\"inLanguage\":\"en-US\",\"@id\":\"https:\/\/dsoe.dk\/#\/schema\/logo\/image\/\",\"url\":\"https:\/\/dsoe.dk\/wp-content\/uploads\/2025\/04\/DSO-logo-2025-4-13-nr2.png\",\"contentUrl\":\"https:\/\/dsoe.dk\/wp-content\/uploads\/2025\/04\/DSO-logo-2025-4-13-nr2.png\",\"width\":2048,\"height\":2048,\"caption\":\"Dynamiske Sportsskytter i \u00d8stjylland\"},\"image\":{\"@id\":\"https:\/\/dsoe.dk\/#\/schema\/logo\/image\/\"},\"sameAs\":[\"https:\/\/www.facebook.com\/dsoedk\/\"]}]}<\/script>\n<!-- \/ Yoast SEO plugin. -->","yoast_head_json":{"title":"Kom godt igang. - Dynamiske Sportsskytter i \u00d8stjylland","robots":{"index":"index","follow":"follow","max-snippet":"max-snippet:-1","max-image-preview":"max-image-preview:large","max-video-preview":"max-video-preview:-1"},"canonical":"https:\/\/dsoe.dk\/?page_id=461","og_locale":"en_US","og_type":"article","og_title":"Kom godt igang. - Dynamiske Sportsskytter i \u00d8stjylland","og_description":"Kom godt igang med IPSC Vil du gerne i gang med IPSC-skydning, men er i tvivl om, hvordan du starter? Hos DS\u00d8 tager vi godt imod dig, der er klar til at pr\u00f8ve kr\u00e6fter med dynamisk sportsskydning. 1. Tag kontakt til os Start med at kontakte&nbsp;DS\u00d8 \u2013 Dynamiske Sportsskytter i \u00d8stjylland. Du er meget velkommen [&hellip;]","og_url":"https:\/\/dsoe.dk\/?page_id=461","og_site_name":"Dynamiske Sportsskytter i \u00d8stjylland","article_publisher":"https:\/\/www.facebook.com\/dsoedk\/","article_modified_time":"2025-04-17T08:24:43+00:00","twitter_card":"summary_large_image","twitter_misc":{"Est. reading time":"2 minutes"},"schema":{"@context":"https:\/\/schema.org","@graph":[{"@type":"WebPage","@id":"https:\/\/dsoe.dk\/?page_id=461","url":"https:\/\/dsoe.dk\/?page_id=461","name":"Kom godt igang. - Dynamiske Sportsskytter i \u00d8stjylland","isPartOf":{"@id":"https:\/\/dsoe.dk\/#website"},"datePublished":"2025-04-15T06:56:21+00:00","dateModified":"2025-04-17T08:24:43+00:00","breadcrumb":{"@id":"https:\/\/dsoe.dk\/?page_id=461#breadcrumb"},"inLanguage":"en-US","potentialAction":[{"@type":"ReadAction","target":["https:\/\/dsoe.dk\/?page_id=461"]}]},{"@type":"BreadcrumbList","@id":"https:\/\/dsoe.dk\/?page_id=461#breadcrumb","itemListElement":[{"@type":"ListItem","position":1,"name":"Home","item":"https:\/\/dsoe.dk\/"},{"@type":"ListItem","position":2,"name":"Kom godt igang."}]},{"@type":"WebSite","@id":"https:\/\/dsoe.dk\/#website","url":"https:\/\/dsoe.dk\/","name":"Dynamiske Sportsskytter i \u00d8stjylland","description":"IPSC skydning for alle","publisher":{"@id":"https:\/\/dsoe.dk\/#organization"},"potentialAction":[{"@type":"SearchAction","target":{"@type":"EntryPoint","urlTemplate":"https:\/\/dsoe.dk\/?s={search_term_string}"},"query-input":{"@type":"PropertyValueSpecification","valueRequired":true,"valueName":"search_term_string"}}],"inLanguage":"en-US"},{"@type":"Organization","@id":"https:\/\/dsoe.dk\/#organization","name":"Dynamiske Sportsskytter i \u00d8stjylland","url":"https:\/\/dsoe.dk\/","logo":{"@type":"ImageObject","inLanguage":"en-US","@id":"https:\/\/dsoe.dk\/#\/schema\/logo\/image\/","url":"https:\/\/dsoe.dk\/wp-content\/uploads\/2025\/04\/DSO-logo-2025-4-13-nr2.png","contentUrl":"https:\/\/dsoe.dk\/wp-content\/uploads\/2025\/04\/DSO-logo-2025-4-13-nr2.png","width":2048,"height":2048,"caption":"Dynamiske Sportsskytter i \u00d8stjylland"},"image":{"@id":"https:\/\/dsoe.dk\/#\/schema\/logo\/image\/"},"sameAs":["https:\/\/www.facebook.com\/dsoedk\/"]}]}},"_links":{"self":[{"href":"https:\/\/dsoe.dk\/index.php?rest_route=\/wp\/v2\/pages\/461","targetHints":{"allow":["GET"]}}],"collection":[{"href":"https:\/\/dsoe.dk\/index.php?rest_route=\/wp\/v2\/pages"}],"about":[{"href":"https:\/\/dsoe.dk\/index.php?rest_route=\/wp\/v2\/types\/page"}],"author":[{"embeddable":true,"href":"https:\/\/dsoe.dk\/index.php?rest_route=\/wp\/v2\/users\/3"}],"replies":[{"embeddable":true,"href":"https:\/\/dsoe.dk\/index.php?rest_route=%2Fwp%2Fv2%2Fcomments&post=461"}],"version-history":[{"count":13,"href":"https:\/\/dsoe.dk\/index.php?rest_route=\/wp\/v2\/pages\/461\/revisions"}],"predecessor-version":[{"id":696,"href":"https:\/\/dsoe.dk\/index.php?rest_route=\/wp\/v2\/pages\/461\/revisions\/696"}],"wp:attachment":[{"href":"https:\/\/dsoe.dk\/index.php?rest_route=%2Fwp%2Fv2%2Fmedia&parent=461"}],"curies":[{"name":"wp","href":"https:\/\/api.w.org\/{rel}","templated":true}]}}