{"id":769,"date":"2025-04-18T09:43:35","date_gmt":"2025-04-18T07:43:35","guid":{"rendered":"https:\/\/dsoe.dk\/?page_id=769"},"modified":"2025-04-18T09:55:42","modified_gmt":"2025-04-18T07:55:42","slug":"action-air-disciplin","status":"publish","type":"page","link":"https:\/\/dsoe.dk\/?page_id=769","title":{"rendered":"Action Air Disciplin"},"content":{"rendered":"\t\t<div data-elementor-type=\"wp-page\" data-elementor-id=\"769\" class=\"elementor elementor-769\" data-elementor-post-type=\"page\">\n\t\t\t\t<div class=\"elementor-element elementor-element-7f2fb899 e-flex e-con-boxed e-con e-parent\" data-id=\"7f2fb899\" data-element_type=\"container\" data-settings=\"{&quot;background_background&quot;:&quot;classic&quot;}\">\n\t\t\t\t\t<div class=\"e-con-inner\">\n\t\t\t\t<div class=\"elementor-element elementor-element-b6fcd13 elementor-widget elementor-widget-heading\" data-id=\"b6fcd13\" data-element_type=\"widget\" data-widget_type=\"heading.default\">\n\t\t\t\t<div class=\"elementor-widget-container\">\n\t\t\t\t\t<h1 class=\"elementor-heading-title elementor-size-default\">Action Air \u2013 Dynamisk skydning med luft og pr\u00e6cision<\/h1>\t\t\t\t<\/div>\n\t\t\t\t<\/div>\n\t\t\t\t<div class=\"elementor-element elementor-element-1e10569e elementor-widget elementor-widget-text-editor\" data-id=\"1e10569e\" data-element_type=\"widget\" data-widget_type=\"text-editor.default\">\n\t\t\t\t<div class=\"elementor-widget-container\">\n\t\t\t\t\t\t\t\t\t<p>En selvst\u00e6ndig IPSC-disciplin \u2013 og et effektivt tr\u00e6ningsv\u00e6rkt\u00f8j for enhver skytte.<\/p>\t\t\t\t\t\t\t\t<\/div>\n\t\t\t\t<\/div>\n\t\t\t\t\t<\/div>\n\t\t\t\t<\/div>\n\t\t<div class=\"elementor-element elementor-element-296dccb6 e-con-full e-flex e-con e-parent\" data-id=\"296dccb6\" data-element_type=\"container\" data-settings=\"{&quot;background_background&quot;:&quot;classic&quot;}\">\n\t\t<div class=\"elementor-element elementor-element-4a6f32f4 e-con-full e-flex e-con e-child\" data-id=\"4a6f32f4\" data-element_type=\"container\">\n\t\t\t\t<div class=\"elementor-element elementor-element-2cd6f408 elementor-widget elementor-widget-heading\" data-id=\"2cd6f408\" data-element_type=\"widget\" data-widget_type=\"heading.default\">\n\t\t\t\t<div class=\"elementor-widget-container\">\n\t\t\t\t\t<h3 class=\"elementor-heading-title elementor-size-default\">Hvad er Action Air?<\/h3>\t\t\t\t<\/div>\n\t\t\t\t<\/div>\n\t\t\t\t<div class=\"elementor-element elementor-element-3979232f elementor-widget elementor-widget-text-editor\" data-id=\"3979232f\" data-element_type=\"widget\" data-widget_type=\"text-editor.default\">\n\t\t\t\t<div class=\"elementor-widget-container\">\n\t\t\t\t\t\t\t\t\t<p><strong data-start=\"600\" data-end=\"614\">Action Air<\/strong> er en dynamisk skydedisciplin under IPSC-reglerne, hvor der anvendes <strong data-start=\"684\" data-end=\"703\">airsoftpistoler<\/strong> i stedet for skarpe v\u00e5ben. Sporten simulerer de samme principper som klassisk IPSC: bev\u00e6gelse, taktisk beslutningstagning, m\u00e5lskifte og pr\u00e6cision under tidspres \u2013 men med luft som drivmiddel i stedet for krudt.<\/p>\t\t\t\t\t\t\t\t<\/div>\n\t\t\t\t<\/div>\n\t\t\t\t<\/div>\n\t\t<div class=\"elementor-element elementor-element-486f70b e-con-full e-flex e-con e-child\" data-id=\"486f70b\" data-element_type=\"container\">\n\t\t\t\t<div class=\"elementor-element elementor-element-165dc476 elementor-widget elementor-widget-image\" data-id=\"165dc476\" data-element_type=\"widget\" data-widget_type=\"image.default\">\n\t\t\t\t<div class=\"elementor-widget-container\">\n\t\t\t\t\t\t\t\t\t\t\t\t\t\t\t<img fetchpriority=\"high\" decoding=\"async\" width=\"800\" height=\"278\" src=\"https:\/\/dsoe.dk\/wp-content\/uploads\/2025\/04\/1609887831-1024x356.webp\" class=\"attachment-large size-large wp-image-777\" alt=\"\" srcset=\"https:\/\/dsoe.dk\/wp-content\/uploads\/2025\/04\/1609887831-1024x356.webp 1024w, https:\/\/dsoe.dk\/wp-content\/uploads\/2025\/04\/1609887831-300x104.webp 300w, https:\/\/dsoe.dk\/wp-content\/uploads\/2025\/04\/1609887831-768x267.webp 768w, https:\/\/dsoe.dk\/wp-content\/uploads\/2025\/04\/1609887831.webp 1200w\" sizes=\"(max-width: 800px) 100vw, 800px\" \/>\t\t\t\t\t\t\t\t\t\t\t\t\t\t\t<\/div>\n\t\t\t\t<\/div>\n\t\t\t\t<\/div>\n\t\t\t\t<\/div>\n\t\t<div class=\"elementor-element elementor-element-5dfda9c0 e-con-full e-flex e-con e-parent\" data-id=\"5dfda9c0\" data-element_type=\"container\" data-settings=\"{&quot;background_background&quot;:&quot;classic&quot;}\">\n\t\t<div class=\"elementor-element elementor-element-658a584 e-con-full e-flex e-con e-child\" data-id=\"658a584\" data-element_type=\"container\">\n\t\t\t\t<div class=\"elementor-element elementor-element-29945a05 elementor-widget elementor-widget-heading\" data-id=\"29945a05\" data-element_type=\"widget\" data-widget_type=\"heading.default\">\n\t\t\t\t<div class=\"elementor-widget-container\">\n\t\t\t\t\t<h3 class=\"elementor-heading-title elementor-size-default\">Et st\u00e6rkt tr\u00e6ningsredskab<\/h3>\t\t\t\t<\/div>\n\t\t\t\t<\/div>\n\t\t\t\t<div class=\"elementor-element elementor-element-1e4ef066 elementor-widget elementor-widget-text-editor\" data-id=\"1e4ef066\" data-element_type=\"widget\" data-widget_type=\"text-editor.default\">\n\t\t\t\t<div class=\"elementor-widget-container\">\n\t\t\t\t\t\t\t\t\t<p class=\"\" data-start=\"952\" data-end=\"1119\">Action Air bliver i stigende grad anvendt som <strong data-start=\"998\" data-end=\"1026\">tr\u00e6ningsform for skytter<\/strong>, der i forvejen deltager i IPSC med pistol, riffel eller shotgun. Det skyldes flere fordele:<\/p><ul data-start=\"1121\" data-end=\"1593\"><li class=\"\" data-start=\"1121\" data-end=\"1210\"><p class=\"\" data-start=\"1123\" data-end=\"1210\"><strong data-start=\"1123\" data-end=\"1142\">Tilg\u00e6ngelighed:<\/strong> Man kan tr\u00e6ne hjemme, i hal eller lokaler uden krav om skydebane.<\/p><\/li><li class=\"\" data-start=\"1211\" data-end=\"1329\"><p class=\"\" data-start=\"1213\" data-end=\"1329\"><strong data-start=\"1213\" data-end=\"1227\">Sikkerhed:<\/strong> Brug af plastkugler og lav energi g\u00f8r det muligt at tr\u00e6ne scenarier og bev\u00e6gelse uden skarpe v\u00e5ben.<\/p><\/li><li class=\"\" data-start=\"1330\" data-end=\"1441\"><p class=\"\" data-start=\"1332\" data-end=\"1441\"><strong data-start=\"1332\" data-end=\"1346\">Hyppighed:<\/strong> Man kan tr\u00e6ne ofte og arbejde m\u00e5lrettet med teknik, greb, transitioner og bev\u00e6gelsesm\u00f8nstre.<\/p><\/li><li class=\"\" data-start=\"1442\" data-end=\"1593\"><p class=\"\" data-start=\"1444\" data-end=\"1593\"><strong data-start=\"1444\" data-end=\"1467\">Taktisk forst\u00e5else:<\/strong> Action Air baner kan designes pr\u00e6cist som IPSC-stages, hvilket g\u00f8r det nemt at overf\u00f8re l\u00e6ring fra \u00e9n disciplin til en anden.<\/p><\/li><\/ul><p class=\"\" data-start=\"1595\" data-end=\"1773\">Det betyder, at Action Air fungerer som en <strong data-start=\"1638\" data-end=\"1678\">naturlig forl\u00e6ngelse af IPSC-tr\u00e6ning<\/strong> \u2013 is\u00e6r for skytter, der \u00f8nsker at forfine deres bev\u00e6gelsesm\u00f8nstre, h\u00e5ndtering og reaktionstid.<\/p>\t\t\t\t\t\t\t\t<\/div>\n\t\t\t\t<\/div>\n\t\t\t\t<\/div>\n\t\t<div class=\"elementor-element elementor-element-45e0bfcf e-con-full e-flex e-con e-child\" data-id=\"45e0bfcf\" data-element_type=\"container\">\n\t\t\t\t<div class=\"elementor-element elementor-element-68412895 elementor-widget elementor-widget-image\" data-id=\"68412895\" data-element_type=\"widget\" data-widget_type=\"image.default\">\n\t\t\t\t<div class=\"elementor-widget-container\">\n\t\t\t\t\t\t\t\t\t\t\t\t\t\t\t<img decoding=\"async\" width=\"800\" height=\"800\" src=\"https:\/\/dsoe.dk\/wp-content\/uploads\/2025\/04\/blob-2291eaf0fc52b7801697d692fdd9f947_-1024x1024.jpg\" class=\"attachment-large size-large wp-image-779\" alt=\"\" srcset=\"https:\/\/dsoe.dk\/wp-content\/uploads\/2025\/04\/blob-2291eaf0fc52b7801697d692fdd9f947_-1024x1024.jpg 1024w, https:\/\/dsoe.dk\/wp-content\/uploads\/2025\/04\/blob-2291eaf0fc52b7801697d692fdd9f947_-300x300.jpg 300w, https:\/\/dsoe.dk\/wp-content\/uploads\/2025\/04\/blob-2291eaf0fc52b7801697d692fdd9f947_-150x150.jpg 150w, https:\/\/dsoe.dk\/wp-content\/uploads\/2025\/04\/blob-2291eaf0fc52b7801697d692fdd9f947_-768x768.jpg 768w, https:\/\/dsoe.dk\/wp-content\/uploads\/2025\/04\/blob-2291eaf0fc52b7801697d692fdd9f947_-1536x1536.jpg 1536w, https:\/\/dsoe.dk\/wp-content\/uploads\/2025\/04\/blob-2291eaf0fc52b7801697d692fdd9f947_.jpg 1920w\" sizes=\"(max-width: 800px) 100vw, 800px\" \/>\t\t\t\t\t\t\t\t\t\t\t\t\t\t\t<\/div>\n\t\t\t\t<\/div>\n\t\t\t\t<\/div>\n\t\t\t\t<\/div>\n\t\t<div class=\"elementor-element elementor-element-23e0691b e-con-full e-flex e-con e-parent\" data-id=\"23e0691b\" data-element_type=\"container\" data-settings=\"{&quot;background_background&quot;:&quot;classic&quot;}\">\n\t\t<div class=\"elementor-element elementor-element-4b1989a7 e-con-full e-flex e-con e-child\" data-id=\"4b1989a7\" data-element_type=\"container\">\n\t\t\t\t<div class=\"elementor-element elementor-element-5d71aea0 elementor-widget elementor-widget-heading\" data-id=\"5d71aea0\" data-element_type=\"widget\" data-widget_type=\"heading.default\">\n\t\t\t\t<div class=\"elementor-widget-container\">\n\t\t\t\t\t<h3 class=\"elementor-heading-title elementor-size-default\">En disciplin i egen ret<\/h3>\t\t\t\t<\/div>\n\t\t\t\t<\/div>\n\t\t\t\t<div class=\"elementor-element elementor-element-70488cc7 elementor-widget elementor-widget-text-editor\" data-id=\"70488cc7\" data-element_type=\"widget\" data-widget_type=\"text-editor.default\">\n\t\t\t\t<div class=\"elementor-widget-container\">\n\t\t\t\t\t\t\t\t\t<p class=\"\" data-start=\"1809\" data-end=\"2079\">Selvom Action Air kan bruges som tr\u00e6ningsform, er det ogs\u00e5 en <strong data-start=\"1871\" data-end=\"1928\">fuldt anerkendt og voksende disciplin i IPSC-verdenen<\/strong>. Der afholdes b\u00e5de nationale og internationale konkurrencer, og sporten har sine egne divisioner og regels\u00e6t \u2013 n\u00f8jagtigt som med de \u00f8vrige v\u00e5bentyper.<\/p><p class=\"\" data-start=\"2081\" data-end=\"2114\">Typiske kendetegn for Action Air:<\/p><ul data-start=\"2116\" data-end=\"2315\"><li class=\"\" data-start=\"2116\" data-end=\"2153\"><p class=\"\" data-start=\"2118\" data-end=\"2153\">Skydning foreg\u00e5r oftest indend\u00f8rs<\/p><\/li><li class=\"\" data-start=\"2154\" data-end=\"2209\"><p class=\"\" data-start=\"2156\" data-end=\"2209\">M\u00e5l og afstande er tilpasset kaliber og kugleenergi<\/p><\/li><li class=\"\" data-start=\"2210\" data-end=\"2264\"><p class=\"\" data-start=\"2212\" data-end=\"2264\">Der anvendes airsoftpistoler (CO\u2082 eller gasdrevet)<\/p><\/li><li class=\"\" data-start=\"2265\" data-end=\"2315\"><p class=\"\" data-start=\"2267\" data-end=\"2315\">Baner og stages f\u00f8lger IPSC-regler og RO-ledelse<\/p><\/li><\/ul><p class=\"\" data-start=\"2317\" data-end=\"2554\">Det g\u00f8r Action Air til en attraktiv indgangsvinkel for nye skytter, herunder unge, som endnu ikke har mulighed for at anskaffe v\u00e5bentilladelser, men gerne vil stifte bekendtskab med IPSC-disciplinen i en <strong data-start=\"2521\" data-end=\"2553\">sikker og kontrolleret ramme<\/strong>.<\/p>\t\t\t\t\t\t\t\t<\/div>\n\t\t\t\t<\/div>\n\t\t\t\t<\/div>\n\t\t<div class=\"elementor-element elementor-element-7ddd5572 e-con-full e-flex e-con e-child\" data-id=\"7ddd5572\" data-element_type=\"container\">\n\t\t\t\t<div class=\"elementor-element elementor-element-1979b0b1 elementor-widget elementor-widget-image\" data-id=\"1979b0b1\" data-element_type=\"widget\" data-widget_type=\"image.default\">\n\t\t\t\t<div class=\"elementor-widget-container\">\n\t\t\t\t\t\t\t\t\t\t\t\t\t\t\t<img decoding=\"async\" width=\"800\" height=\"534\" src=\"https:\/\/dsoe.dk\/wp-content\/uploads\/2025\/04\/z18861055IHRMistrzostwa-Europy-IPSC-Action-1024x683.jpg\" class=\"attachment-large size-large wp-image-780\" alt=\"\" srcset=\"https:\/\/dsoe.dk\/wp-content\/uploads\/2025\/04\/z18861055IHRMistrzostwa-Europy-IPSC-Action-1024x683.jpg 1024w, https:\/\/dsoe.dk\/wp-content\/uploads\/2025\/04\/z18861055IHRMistrzostwa-Europy-IPSC-Action-300x200.jpg 300w, https:\/\/dsoe.dk\/wp-content\/uploads\/2025\/04\/z18861055IHRMistrzostwa-Europy-IPSC-Action-768x512.jpg 768w, https:\/\/dsoe.dk\/wp-content\/uploads\/2025\/04\/z18861055IHRMistrzostwa-Europy-IPSC-Action-1536x1025.jpg 1536w, https:\/\/dsoe.dk\/wp-content\/uploads\/2025\/04\/z18861055IHRMistrzostwa-Europy-IPSC-Action.jpg 2048w\" sizes=\"(max-width: 800px) 100vw, 800px\" \/>\t\t\t\t\t\t\t\t\t\t\t\t\t\t\t<\/div>\n\t\t\t\t<\/div>\n\t\t\t\t<\/div>\n\t\t\t\t<\/div>\n\t\t<div class=\"elementor-element elementor-element-3cc3ed9 e-con-full e-flex e-con e-parent\" data-id=\"3cc3ed9\" data-element_type=\"container\" data-settings=\"{&quot;background_background&quot;:&quot;classic&quot;}\">\n\t\t<div class=\"elementor-element elementor-element-954598d e-con-full e-flex e-con e-child\" data-id=\"954598d\" data-element_type=\"container\">\n\t\t\t\t<div class=\"elementor-element elementor-element-ec7f648 elementor-widget elementor-widget-heading\" data-id=\"ec7f648\" data-element_type=\"widget\" data-widget_type=\"heading.default\">\n\t\t\t\t<div class=\"elementor-widget-container\">\n\t\t\t\t\t<h3 class=\"elementor-heading-title elementor-size-default\">Status hos DS\u00d8<\/h3>\t\t\t\t<\/div>\n\t\t\t\t<\/div>\n\t\t\t\t<div class=\"elementor-element elementor-element-2380a2b elementor-widget elementor-widget-text-editor\" data-id=\"2380a2b\" data-element_type=\"widget\" data-widget_type=\"text-editor.default\">\n\t\t\t\t<div class=\"elementor-widget-container\">\n\t\t\t\t\t\t\t\t\t<p class=\"\" data-start=\"1809\" data-end=\"2079\"><strong data-start=\"2581\" data-end=\"2626\">DS\u00d8 tilbyder i \u00f8jeblikket ikke Action Air<\/strong>, men vi f\u00f8lger udviklingen t\u00e6t og unders\u00f8ger l\u00f8bende mulighederne for at integrere disciplinen i klubbens aktiviteter. Vi anerkender Action Air som b\u00e5de <strong data-start=\"2780\" data-end=\"2838\">en v\u00e6rdifuld tr\u00e6ningsform og en selvst\u00e6ndig skydesport<\/strong>, og vi \u00f8nsker p\u00e5 sigt at skabe rammer, hvor flere kan stifte bekendtskab med denne sp\u00e6ndende og tilg\u00e6ngelige form for IPSC.<\/p><p class=\"\" data-start=\"2985\" data-end=\"3247\">Action Air er et sp\u00e6ndende supplement og en disciplin i rivende udvikling. Uanset om man ser det som en adgangsvej til klassisk IPSC eller som et effektivt redskab til teknisk tr\u00e6ning, er det en disciplin med stort potentiale \u2013 b\u00e5de for nye og erfarne skytter.<\/p><p class=\"\" data-start=\"3249\" data-end=\"3369\">DS\u00d8 ser mulighederne og unders\u00f8ger i \u00f8jeblikket, hvordan Action Air kan blive en del af klubbens fremtidige aktiviteter.<\/p>\t\t\t\t\t\t\t\t<\/div>\n\t\t\t\t<\/div>\n\t\t\t\t<\/div>\n\t\t<div class=\"elementor-element elementor-element-84f3a09 e-con-full e-flex e-con e-child\" data-id=\"84f3a09\" data-element_type=\"container\">\n\t\t\t\t<div class=\"elementor-element elementor-element-8446a84 elementor-widget elementor-widget-image\" data-id=\"8446a84\" data-element_type=\"widget\" data-widget_type=\"image.default\">\n\t\t\t\t<div class=\"elementor-widget-container\">\n\t\t\t\t\t\t\t\t\t\t\t\t\t\t\t<img loading=\"lazy\" decoding=\"async\" width=\"620\" height=\"414\" src=\"https:\/\/dsoe.dk\/wp-content\/uploads\/2025\/04\/z18861052QMistrzostwa-Europy-IPSC-Action.jpg\" class=\"attachment-large size-large wp-image-781\" alt=\"\" srcset=\"https:\/\/dsoe.dk\/wp-content\/uploads\/2025\/04\/z18861052QMistrzostwa-Europy-IPSC-Action.jpg 620w, https:\/\/dsoe.dk\/wp-content\/uploads\/2025\/04\/z18861052QMistrzostwa-Europy-IPSC-Action-300x200.jpg 300w\" sizes=\"(max-width: 620px) 100vw, 620px\" \/>\t\t\t\t\t\t\t\t\t\t\t\t\t\t\t<\/div>\n\t\t\t\t<\/div>\n\t\t\t\t<\/div>\n\t\t\t\t<\/div>\n\t\t<div class=\"elementor-element elementor-element-5cc0c0ab e-flex e-con-boxed e-con e-parent\" data-id=\"5cc0c0ab\" data-element_type=\"container\">\n\t\t\t\t\t<div class=\"e-con-inner\">\n\t\t\t\t<div class=\"elementor-element elementor-element-1601dfeb elementor-widget elementor-widget-heading\" data-id=\"1601dfeb\" data-element_type=\"widget\" data-widget_type=\"heading.default\">\n\t\t\t\t<div class=\"elementor-widget-container\">\n\t\t\t\t\t<h3 class=\"elementor-heading-title elementor-size-default\">Skal du v\u00e6re med?<\/h3>\t\t\t\t<\/div>\n\t\t\t\t<\/div>\n\t\t\t\t<div class=\"elementor-element elementor-element-62c35a1f elementor-widget elementor-widget-text-editor\" data-id=\"62c35a1f\" data-element_type=\"widget\" data-widget_type=\"text-editor.default\">\n\t\t\t\t<div class=\"elementor-widget-container\">\n\t\t\t\t\t\t\t\t\t<p>DS\u00d8 ser mulighederne og unders\u00f8ger i \u00f8jeblikket, hvordan Action Air kan blive en del af klubbens fremtidige aktiviteter.<\/p>\t\t\t\t\t\t\t\t<\/div>\n\t\t\t\t<\/div>\n\t\t\t\t<div class=\"elementor-element elementor-element-ed3bdaa elementor-align-center elementor-mobile-align-center elementor-widget elementor-widget-button\" data-id=\"ed3bdaa\" data-element_type=\"widget\" data-widget_type=\"button.default\">\n\t\t\t\t<div class=\"elementor-widget-container\">\n\t\t\t\t\t\t\t\t\t<div class=\"elementor-button-wrapper\">\n\t\t\t\t\t<a class=\"elementor-button elementor-button-link elementor-size-sm\" href=\"https:\/\/dsoe.dk\/?page_id=156\">\n\t\t\t\t\t\t<span class=\"elementor-button-content-wrapper\">\n\t\t\t\t\t\t\t\t\t<span class=\"elementor-button-text\">Kontakt os<\/span>\n\t\t\t\t\t<\/span>\n\t\t\t\t\t<\/a>\n\t\t\t\t<\/div>\n\t\t\t\t\t\t\t\t<\/div>\n\t\t\t\t<\/div>\n\t\t\t\t\t<\/div>\n\t\t\t\t<\/div>\n\t\t\t\t<\/div>\n\t\t","protected":false},"excerpt":{"rendered":"<p>Action Air \u2013 Dynamisk skydning med luft og pr\u00e6cision En selvst\u00e6ndig IPSC-disciplin \u2013 og et effektivt tr\u00e6ningsv\u00e6rkt\u00f8j for enhver skytte. Hvad er Action Air? Action Air er en dynamisk skydedisciplin under IPSC-reglerne, hvor der anvendes airsoftpistoler i stedet for skarpe v\u00e5ben. Sporten simulerer de samme principper som klassisk IPSC: bev\u00e6gelse, taktisk beslutningstagning, m\u00e5lskifte og pr\u00e6cision [&hellip;]<\/p>\n","protected":false},"author":3,"featured_media":0,"parent":0,"menu_order":0,"comment_status":"closed","ping_status":"closed","template":"elementor_header_footer","meta":{"footnotes":""},"class_list":["post-769","page","type-page","status-publish","hentry"],"yoast_head":"<!-- This site is optimized with the Yoast SEO plugin v26.1.1 - https:\/\/yoast.com\/wordpress\/plugins\/seo\/ -->\n<title>Action Air Disciplin - Dynamiske Sportsskytter i \u00d8stjylland<\/title>\n<meta name=\"robots\" content=\"index, follow, max-snippet:-1, max-image-preview:large, max-video-preview:-1\" \/>\n<link rel=\"canonical\" href=\"https:\/\/dsoe.dk\/?page_id=769\" \/>\n<meta property=\"og:locale\" content=\"en_US\" \/>\n<meta property=\"og:type\" content=\"article\" \/>\n<meta property=\"og:title\" content=\"Action Air Disciplin - Dynamiske Sportsskytter i \u00d8stjylland\" \/>\n<meta property=\"og:description\" content=\"Action Air \u2013 Dynamisk skydning med luft og pr\u00e6cision En selvst\u00e6ndig IPSC-disciplin \u2013 og et effektivt tr\u00e6ningsv\u00e6rkt\u00f8j for enhver skytte. Hvad er Action Air? Action Air er en dynamisk skydedisciplin under IPSC-reglerne, hvor der anvendes airsoftpistoler i stedet for skarpe v\u00e5ben. Sporten simulerer de samme principper som klassisk IPSC: bev\u00e6gelse, taktisk beslutningstagning, m\u00e5lskifte og pr\u00e6cision [&hellip;]\" \/>\n<meta property=\"og:url\" content=\"https:\/\/dsoe.dk\/?page_id=769\" \/>\n<meta property=\"og:site_name\" content=\"Dynamiske Sportsskytter i \u00d8stjylland\" \/>\n<meta property=\"article:publisher\" content=\"https:\/\/www.facebook.com\/dsoedk\/\" \/>\n<meta property=\"article:modified_time\" content=\"2025-04-18T07:55:42+00:00\" \/>\n<meta property=\"og:image\" content=\"https:\/\/dsoe.dk\/wp-content\/uploads\/2025\/04\/1609887831-1024x356.webp\" \/>\n<meta name=\"twitter:card\" content=\"summary_large_image\" \/>\n<meta name=\"twitter:label1\" content=\"Est. reading time\" \/>\n\t<meta name=\"twitter:data1\" content=\"2 minutes\" \/>\n<script type=\"application\/ld+json\" class=\"yoast-schema-graph\">{\"@context\":\"https:\/\/schema.org\",\"@graph\":[{\"@type\":\"WebPage\",\"@id\":\"https:\/\/dsoe.dk\/?page_id=769\",\"url\":\"https:\/\/dsoe.dk\/?page_id=769\",\"name\":\"Action Air Disciplin - Dynamiske Sportsskytter i \u00d8stjylland\",\"isPartOf\":{\"@id\":\"https:\/\/dsoe.dk\/#website\"},\"primaryImageOfPage\":{\"@id\":\"https:\/\/dsoe.dk\/?page_id=769#primaryimage\"},\"image\":{\"@id\":\"https:\/\/dsoe.dk\/?page_id=769#primaryimage\"},\"thumbnailUrl\":\"https:\/\/dsoe.dk\/wp-content\/uploads\/2025\/04\/1609887831-1024x356.webp\",\"datePublished\":\"2025-04-18T07:43:35+00:00\",\"dateModified\":\"2025-04-18T07:55:42+00:00\",\"breadcrumb\":{\"@id\":\"https:\/\/dsoe.dk\/?page_id=769#breadcrumb\"},\"inLanguage\":\"en-US\",\"potentialAction\":[{\"@type\":\"ReadAction\",\"target\":[\"https:\/\/dsoe.dk\/?page_id=769\"]}]},{\"@type\":\"ImageObject\",\"inLanguage\":\"en-US\",\"@id\":\"https:\/\/dsoe.dk\/?page_id=769#primaryimage\",\"url\":\"https:\/\/dsoe.dk\/wp-content\/uploads\/2025\/04\/1609887831.webp\",\"contentUrl\":\"https:\/\/dsoe.dk\/wp-content\/uploads\/2025\/04\/1609887831.webp\",\"width\":1200,\"height\":417},{\"@type\":\"BreadcrumbList\",\"@id\":\"https:\/\/dsoe.dk\/?page_id=769#breadcrumb\",\"itemListElement\":[{\"@type\":\"ListItem\",\"position\":1,\"name\":\"Home\",\"item\":\"https:\/\/dsoe.dk\/\"},{\"@type\":\"ListItem\",\"position\":2,\"name\":\"Action Air Disciplin\"}]},{\"@type\":\"WebSite\",\"@id\":\"https:\/\/dsoe.dk\/#website\",\"url\":\"https:\/\/dsoe.dk\/\",\"name\":\"Dynamiske Sportsskytter i \u00d8stjylland\",\"description\":\"IPSC skydning for alle\",\"publisher\":{\"@id\":\"https:\/\/dsoe.dk\/#organization\"},\"potentialAction\":[{\"@type\":\"SearchAction\",\"target\":{\"@type\":\"EntryPoint\",\"urlTemplate\":\"https:\/\/dsoe.dk\/?s={search_term_string}\"},\"query-input\":{\"@type\":\"PropertyValueSpecification\",\"valueRequired\":true,\"valueName\":\"search_term_string\"}}],\"inLanguage\":\"en-US\"},{\"@type\":\"Organization\",\"@id\":\"https:\/\/dsoe.dk\/#organization\",\"name\":\"Dynamiske Sportsskytter i \u00d8stjylland\",\"url\":\"https:\/\/dsoe.dk\/\",\"logo\":{\"@type\":\"ImageObject\",\"inLanguage\":\"en-US\",\"@id\":\"https:\/\/dsoe.dk\/#\/schema\/logo\/image\/\",\"url\":\"https:\/\/dsoe.dk\/wp-content\/uploads\/2025\/04\/DSO-logo-2025-4-13-nr2.png\",\"contentUrl\":\"https:\/\/dsoe.dk\/wp-content\/uploads\/2025\/04\/DSO-logo-2025-4-13-nr2.png\",\"width\":2048,\"height\":2048,\"caption\":\"Dynamiske Sportsskytter i \u00d8stjylland\"},\"image\":{\"@id\":\"https:\/\/dsoe.dk\/#\/schema\/logo\/image\/\"},\"sameAs\":[\"https:\/\/www.facebook.com\/dsoedk\/\"]}]}<\/script>\n<!-- \/ Yoast SEO plugin. -->","yoast_head_json":{"title":"Action Air Disciplin - Dynamiske Sportsskytter i \u00d8stjylland","robots":{"index":"index","follow":"follow","max-snippet":"max-snippet:-1","max-image-preview":"max-image-preview:large","max-video-preview":"max-video-preview:-1"},"canonical":"https:\/\/dsoe.dk\/?page_id=769","og_locale":"en_US","og_type":"article","og_title":"Action Air Disciplin - Dynamiske Sportsskytter i \u00d8stjylland","og_description":"Action Air \u2013 Dynamisk skydning med luft og pr\u00e6cision En selvst\u00e6ndig IPSC-disciplin \u2013 og et effektivt tr\u00e6ningsv\u00e6rkt\u00f8j for enhver skytte. Hvad er Action Air? Action Air er en dynamisk skydedisciplin under IPSC-reglerne, hvor der anvendes airsoftpistoler i stedet for skarpe v\u00e5ben. Sporten simulerer de samme principper som klassisk IPSC: bev\u00e6gelse, taktisk beslutningstagning, m\u00e5lskifte og pr\u00e6cision [&hellip;]","og_url":"https:\/\/dsoe.dk\/?page_id=769","og_site_name":"Dynamiske Sportsskytter i \u00d8stjylland","article_publisher":"https:\/\/www.facebook.com\/dsoedk\/","article_modified_time":"2025-04-18T07:55:42+00:00","og_image":[{"url":"https:\/\/dsoe.dk\/wp-content\/uploads\/2025\/04\/1609887831-1024x356.webp","type":"","width":"","height":""}],"twitter_card":"summary_large_image","twitter_misc":{"Est. reading time":"2 minutes"},"schema":{"@context":"https:\/\/schema.org","@graph":[{"@type":"WebPage","@id":"https:\/\/dsoe.dk\/?page_id=769","url":"https:\/\/dsoe.dk\/?page_id=769","name":"Action Air Disciplin - Dynamiske Sportsskytter i \u00d8stjylland","isPartOf":{"@id":"https:\/\/dsoe.dk\/#website"},"primaryImageOfPage":{"@id":"https:\/\/dsoe.dk\/?page_id=769#primaryimage"},"image":{"@id":"https:\/\/dsoe.dk\/?page_id=769#primaryimage"},"thumbnailUrl":"https:\/\/dsoe.dk\/wp-content\/uploads\/2025\/04\/1609887831-1024x356.webp","datePublished":"2025-04-18T07:43:35+00:00","dateModified":"2025-04-18T07:55:42+00:00","breadcrumb":{"@id":"https:\/\/dsoe.dk\/?page_id=769#breadcrumb"},"inLanguage":"en-US","potentialAction":[{"@type":"ReadAction","target":["https:\/\/dsoe.dk\/?page_id=769"]}]},{"@type":"ImageObject","inLanguage":"en-US","@id":"https:\/\/dsoe.dk\/?page_id=769#primaryimage","url":"https:\/\/dsoe.dk\/wp-content\/uploads\/2025\/04\/1609887831.webp","contentUrl":"https:\/\/dsoe.dk\/wp-content\/uploads\/2025\/04\/1609887831.webp","width":1200,"height":417},{"@type":"BreadcrumbList","@id":"https:\/\/dsoe.dk\/?page_id=769#breadcrumb","itemListElement":[{"@type":"ListItem","position":1,"name":"Home","item":"https:\/\/dsoe.dk\/"},{"@type":"ListItem","position":2,"name":"Action Air Disciplin"}]},{"@type":"WebSite","@id":"https:\/\/dsoe.dk\/#website","url":"https:\/\/dsoe.dk\/","name":"Dynamiske Sportsskytter i \u00d8stjylland","description":"IPSC skydning for alle","publisher":{"@id":"https:\/\/dsoe.dk\/#organization"},"potentialAction":[{"@type":"SearchAction","target":{"@type":"EntryPoint","urlTemplate":"https:\/\/dsoe.dk\/?s={search_term_string}"},"query-input":{"@type":"PropertyValueSpecification","valueRequired":true,"valueName":"search_term_string"}}],"inLanguage":"en-US"},{"@type":"Organization","@id":"https:\/\/dsoe.dk\/#organization","name":"Dynamiske Sportsskytter i \u00d8stjylland","url":"https:\/\/dsoe.dk\/","logo":{"@type":"ImageObject","inLanguage":"en-US","@id":"https:\/\/dsoe.dk\/#\/schema\/logo\/image\/","url":"https:\/\/dsoe.dk\/wp-content\/uploads\/2025\/04\/DSO-logo-2025-4-13-nr2.png","contentUrl":"https:\/\/dsoe.dk\/wp-content\/uploads\/2025\/04\/DSO-logo-2025-4-13-nr2.png","width":2048,"height":2048,"caption":"Dynamiske Sportsskytter i \u00d8stjylland"},"image":{"@id":"https:\/\/dsoe.dk\/#\/schema\/logo\/image\/"},"sameAs":["https:\/\/www.facebook.com\/dsoedk\/"]}]}},"_links":{"self":[{"href":"https:\/\/dsoe.dk\/index.php?rest_route=\/wp\/v2\/pages\/769","targetHints":{"allow":["GET"]}}],"collection":[{"href":"https:\/\/dsoe.dk\/index.php?rest_route=\/wp\/v2\/pages"}],"about":[{"href":"https:\/\/dsoe.dk\/index.php?rest_route=\/wp\/v2\/types\/page"}],"author":[{"embeddable":true,"href":"https:\/\/dsoe.dk\/index.php?rest_route=\/wp\/v2\/users\/3"}],"replies":[{"embeddable":true,"href":"https:\/\/dsoe.dk\/index.php?rest_route=%2Fwp%2Fv2%2Fcomments&post=769"}],"version-history":[{"count":19,"href":"https:\/\/dsoe.dk\/index.php?rest_route=\/wp\/v2\/pages\/769\/revisions"}],"predecessor-version":[{"id":796,"href":"https:\/\/dsoe.dk\/index.php?rest_route=\/wp\/v2\/pages\/769\/revisions\/796"}],"wp:attachment":[{"href":"https:\/\/dsoe.dk\/index.php?rest_route=%2Fwp%2Fv2%2Fmedia&parent=769"}],"curies":[{"name":"wp","href":"https:\/\/api.w.org\/{rel}","templated":true}]}}